{"id":17299,"date":"2021-08-17T17:33:16","date_gmt":"2021-08-17T17:33:16","guid":{"rendered":"https:\/\/damapicta.com\/?page_id=17299"},"modified":"2021-12-12T18:42:01","modified_gmt":"2021-12-12T18:42:01","slug":"rossella","status":"publish","type":"page","link":"https:\/\/damapicta.com\/index.php\/gioielli_parure\/rossella\/","title":{"rendered":"rossella"},"content":{"rendered":"\t\t<div data-elementor-type=\"wp-page\" data-elementor-id=\"17299\" class=\"elementor elementor-17299\" data-elementor-post-type=\"page\">\n\t\t\t\t\t\t<section class=\"elementor-section elementor-top-section elementor-element elementor-element-8a5b4de elementor-section-boxed elementor-section-height-default elementor-section-height-default\" data-id=\"8a5b4de\" data-element_type=\"section\" data-e-type=\"section\">\n\t\t\t\t\t\t<div class=\"elementor-container elementor-column-gap-default\">\n\t\t\t\t\t<div class=\"elementor-column elementor-col-100 elementor-top-column elementor-element elementor-element-c7dcdd6\" data-id=\"c7dcdd6\" data-element_type=\"column\" data-e-type=\"column\">\n\t\t\t<div class=\"elementor-widget-wrap elementor-element-populated\">\n\t\t\t\t\t\t<div class=\"elementor-element elementor-element-762ecc3 elementor-align-center elementor-widget elementor-widget-breadcrumbs\" data-id=\"762ecc3\" data-element_type=\"widget\" data-e-type=\"widget\" data-widget_type=\"breadcrumbs.default\">\n\t\t\t\t<div class=\"elementor-widget-container\">\n\t\t\t\t\t<p id=\"breadcrumbs\"><span><span><a href=\"https:\/\/damapicta.com\/\">Gioielli<\/a><\/span><\/span><\/p>\t\t\t\t<\/div>\n\t\t\t\t<\/div>\n\t\t\t\t\t<\/div>\n\t\t<\/div>\n\t\t\t\t\t<\/div>\n\t\t<\/section>\n\t\t\t\t<section class=\"elementor-section elementor-top-section elementor-element elementor-element-1a73b56 elementor-section-full_width elementor-section-content-top elementor-section-stretched elementor-section-height-default elementor-section-height-default\" data-id=\"1a73b56\" data-element_type=\"section\" data-e-type=\"section\" data-settings=\"{&quot;stretch_section&quot;:&quot;section-stretched&quot;,&quot;background_background&quot;:&quot;classic&quot;}\">\n\t\t\t\t\t\t<div class=\"elementor-container elementor-column-gap-no\">\n\t\t\t\t\t<div class=\"elementor-column elementor-col-33 elementor-top-column elementor-element elementor-element-16e8459 elementor-invisible\" data-id=\"16e8459\" data-element_type=\"column\" data-e-type=\"column\" data-settings=\"{&quot;animation&quot;:&quot;fadeIn&quot;}\">\n\t\t\t<div class=\"elementor-widget-wrap elementor-element-populated\">\n\t\t\t\t\t\t<div class=\"elementor-element elementor-element-239cd98 elementor-widget elementor-widget-bdt-image-magnifier\" data-id=\"239cd98\" data-element_type=\"widget\" data-e-type=\"widget\" data-widget_type=\"bdt-image-magnifier.default\">\n\t\t\t\t<div class=\"elementor-widget-container\">\n\t\t\t\t\t            <div data-settings=\"{&quot;type&quot;:&quot;inner&quot;,&quot;bigImageSrc&quot;:&quot;https:\\\/\\\/damapicta.com\\\/wp-content\\\/uploads\\\/2021\\\/08\\\/LeDivine_ROSSELLA_Cover.jpg&quot;,&quot;smoothMove&quot;:true,&quot;preload&quot;:true,&quot;zoomSize&quot;:[480,300],&quot;offset&quot;:[0,0]}\" class=\"bdt-image-magnifier bdt-position-relative\">\n                <img decoding=\"async\" class=\"bdt-image-magnifier-image\" src=\"https:\/\/damapicta.com\/wp-content\/uploads\/2021\/08\/LeDivine_ROSSELLA_Cover.jpg\" alt=\"\">\n            <\/div>\n            \t\t\t\t<\/div>\n\t\t\t\t<\/div>\n\t\t\t\t\t<\/div>\n\t\t<\/div>\n\t\t\t\t<div class=\"elementor-column elementor-col-33 elementor-top-column elementor-element elementor-element-425df0b\" data-id=\"425df0b\" data-element_type=\"column\" data-e-type=\"column\" data-settings=\"{&quot;background_background&quot;:&quot;classic&quot;}\">\n\t\t\t<div class=\"elementor-widget-wrap elementor-element-populated\">\n\t\t\t\t\t\t<div class=\"elementor-element elementor-element-1405da0 elementor-widget elementor-widget-heading\" data-id=\"1405da0\" data-element_type=\"widget\" data-e-type=\"widget\" data-settings=\"{&quot;motion_fx_motion_fx_scrolling&quot;:&quot;yes&quot;,&quot;motion_fx_devices&quot;:[&quot;desktop&quot;,&quot;tablet&quot;,&quot;mobile&quot;]}\" data-widget_type=\"heading.default\">\n\t\t\t\t<div class=\"elementor-widget-container\">\n\t\t\t\t\t<h1 class=\"elementor-heading-title elementor-size-default\">ROSSELLA<\/h1>\t\t\t\t<\/div>\n\t\t\t\t<\/div>\n\t\t\t\t<div class=\"elementor-element elementor-element-b72c996 elementor-widget elementor-widget-text-editor\" data-id=\"b72c996\" data-element_type=\"widget\" data-e-type=\"widget\" data-widget_type=\"text-editor.default\">\n\t\t\t\t<div class=\"elementor-widget-container\">\n\t\t\t\t\t\t\t\t\t<p>Rossella O&#8217;Hara \u00e8 la Divina pi\u00f9 &#8220;punk&#8221; fra le quattro, una ribelle il cui spirito indomito \u00e8 rappresentato dai volumi spigolosi della cornice e dai colori contrastanti delle tormaline verdi e rosa; piccole porzioni di catena rol\u00f2 rimarcano il carattere deciso di questo design.<\/p><p>Ashley e Rhett affiancano Dama Rossella sotto forma di piccole steli in ottone che richiamano, inoltre, il suo amore di sempre: Tara.<\/p>\t\t\t\t\t\t\t\t<\/div>\n\t\t\t\t<\/div>\n\t\t\t\t<div class=\"elementor-element elementor-element-81ee6fc elementor-widget-divider--view-line_text elementor-widget-divider--element-align-center elementor-widget elementor-widget-divider\" data-id=\"81ee6fc\" data-element_type=\"widget\" data-e-type=\"widget\" data-widget_type=\"divider.default\">\n\t\t\t\t<div class=\"elementor-widget-container\">\n\t\t\t\t\t\t\t<div class=\"elementor-divider\">\n\t\t\t<span class=\"elementor-divider-separator\">\n\t\t\t\t\t\t\t<h1 class=\"elementor-divider__text elementor-divider__element\">\n\t\t\t\t\u2022\t\t\t\t<\/h1>\n\t\t\t\t\t\t<\/span>\n\t\t<\/div>\n\t\t\t\t\t\t<\/div>\n\t\t\t\t<\/div>\n\t\t\t\t\t<\/div>\n\t\t<\/div>\n\t\t\t\t<div class=\"elementor-column elementor-col-33 elementor-top-column elementor-element elementor-element-35ac38d elementor-invisible\" data-id=\"35ac38d\" data-element_type=\"column\" data-e-type=\"column\" data-settings=\"{&quot;animation&quot;:&quot;slideInLeft&quot;}\">\n\t\t\t<div class=\"elementor-widget-wrap elementor-element-populated\">\n\t\t\t\t\t\t<div class=\"elementor-element elementor-element-3c8fea7 elementor-widget elementor-widget-gallery\" data-id=\"3c8fea7\" data-element_type=\"widget\" data-e-type=\"widget\" data-settings=\"{&quot;columns&quot;:2,&quot;gap&quot;:{&quot;unit&quot;:&quot;px&quot;,&quot;size&quot;:0,&quot;sizes&quot;:[]},&quot;aspect_ratio&quot;:&quot;1:1&quot;,&quot;columns_mobile&quot;:2,&quot;gap_tablet&quot;:{&quot;unit&quot;:&quot;px&quot;,&quot;size&quot;:0,&quot;sizes&quot;:[]},&quot;gap_mobile&quot;:{&quot;unit&quot;:&quot;px&quot;,&quot;size&quot;:0,&quot;sizes&quot;:[]},&quot;image_hover_animation&quot;:&quot;grow&quot;,&quot;_animation_tablet&quot;:&quot;none&quot;,&quot;_animation_mobile&quot;:&quot;none&quot;,&quot;lazyload&quot;:&quot;yes&quot;,&quot;gallery_layout&quot;:&quot;grid&quot;,&quot;columns_tablet&quot;:2,&quot;link_to&quot;:&quot;file&quot;,&quot;overlay_background&quot;:&quot;yes&quot;,&quot;content_hover_animation&quot;:&quot;fade-in&quot;}\" data-widget_type=\"gallery.default\">\n\t\t\t\t<div class=\"elementor-widget-container\">\n\t\t\t\t\t\t\t<div class=\"elementor-gallery__container\">\n\t\t\t\t\t\t\t<a class=\"e-gallery-item elementor-gallery-item elementor-animated-content\" href=\"https:\/\/damapicta.com\/wp-content\/uploads\/2021\/08\/Rossella_08.jpg\" data-elementor-open-lightbox=\"yes\" data-elementor-lightbox-slideshow=\"3c8fea7\" data-elementor-lightbox-title=\"Rossella_08\" data-e-action-hash=\"#elementor-action%3Aaction%3Dlightbox%26settings%3DeyJpZCI6MTcyOTcsInVybCI6Imh0dHBzOlwvXC9kYW1hcGljdGEuY29tXC93cC1jb250ZW50XC91cGxvYWRzXC8yMDIxXC8wOFwvUm9zc2VsbGFfMDguanBnIiwic2xpZGVzaG93IjoiM2M4ZmVhNyJ9\">\n\t\t\t\t\t<div class=\"e-gallery-image elementor-gallery-item__image\" data-thumbnail=\"https:\/\/damapicta.com\/wp-content\/uploads\/2021\/08\/Rossella_08-300x300.jpg\" data-width=\"300\" data-height=\"300\" aria-label=\"\" role=\"img\" ><\/div>\n\t\t\t\t\t\t\t\t\t\t\t<div class=\"elementor-gallery-item__overlay\"><\/div>\n\t\t\t\t\t\t\t\t\t\t\t\t\t\t<\/a>\n\t\t\t\t\t\t\t<a class=\"e-gallery-item elementor-gallery-item elementor-animated-content\" href=\"https:\/\/damapicta.com\/wp-content\/uploads\/2021\/08\/Rossella_05.jpg\" data-elementor-open-lightbox=\"yes\" data-elementor-lightbox-slideshow=\"3c8fea7\" data-elementor-lightbox-title=\"Rossella_05\" data-e-action-hash=\"#elementor-action%3Aaction%3Dlightbox%26settings%3DeyJpZCI6MTcyOTUsInVybCI6Imh0dHBzOlwvXC9kYW1hcGljdGEuY29tXC93cC1jb250ZW50XC91cGxvYWRzXC8yMDIxXC8wOFwvUm9zc2VsbGFfMDUuanBnIiwic2xpZGVzaG93IjoiM2M4ZmVhNyJ9\">\n\t\t\t\t\t<div class=\"e-gallery-image elementor-gallery-item__image\" data-thumbnail=\"https:\/\/damapicta.com\/wp-content\/uploads\/2021\/08\/Rossella_05-300x300.jpg\" data-width=\"300\" data-height=\"300\" aria-label=\"\" role=\"img\" ><\/div>\n\t\t\t\t\t\t\t\t\t\t\t<div class=\"elementor-gallery-item__overlay\"><\/div>\n\t\t\t\t\t\t\t\t\t\t\t\t\t\t<\/a>\n\t\t\t\t\t\t\t<a class=\"e-gallery-item elementor-gallery-item elementor-animated-content\" href=\"https:\/\/damapicta.com\/wp-content\/uploads\/2021\/08\/Rossella_06.jpg\" data-elementor-open-lightbox=\"yes\" data-elementor-lightbox-slideshow=\"3c8fea7\" data-elementor-lightbox-title=\"Rossella_06\" data-e-action-hash=\"#elementor-action%3Aaction%3Dlightbox%26settings%3DeyJpZCI6MTcyOTYsInVybCI6Imh0dHBzOlwvXC9kYW1hcGljdGEuY29tXC93cC1jb250ZW50XC91cGxvYWRzXC8yMDIxXC8wOFwvUm9zc2VsbGFfMDYuanBnIiwic2xpZGVzaG93IjoiM2M4ZmVhNyJ9\">\n\t\t\t\t\t<div class=\"e-gallery-image elementor-gallery-item__image\" data-thumbnail=\"https:\/\/damapicta.com\/wp-content\/uploads\/2021\/08\/Rossella_06-300x300.jpg\" data-width=\"300\" data-height=\"300\" aria-label=\"\" role=\"img\" ><\/div>\n\t\t\t\t\t\t\t\t\t\t\t<div class=\"elementor-gallery-item__overlay\"><\/div>\n\t\t\t\t\t\t\t\t\t\t\t\t\t\t<\/a>\n\t\t\t\t\t\t\t<a class=\"e-gallery-item elementor-gallery-item elementor-animated-content\" href=\"https:\/\/damapicta.com\/wp-content\/uploads\/2021\/08\/Rossella_09.jpg\" data-elementor-open-lightbox=\"yes\" data-elementor-lightbox-slideshow=\"3c8fea7\" data-elementor-lightbox-title=\"Rossella_09\" data-e-action-hash=\"#elementor-action%3Aaction%3Dlightbox%26settings%3DeyJpZCI6MTcyOTQsInVybCI6Imh0dHBzOlwvXC9kYW1hcGljdGEuY29tXC93cC1jb250ZW50XC91cGxvYWRzXC8yMDIxXC8wOFwvUm9zc2VsbGFfMDkuanBnIiwic2xpZGVzaG93IjoiM2M4ZmVhNyJ9\">\n\t\t\t\t\t<div class=\"e-gallery-image elementor-gallery-item__image\" data-thumbnail=\"https:\/\/damapicta.com\/wp-content\/uploads\/2021\/08\/Rossella_09-300x300.jpg\" data-width=\"300\" data-height=\"300\" aria-label=\"\" role=\"img\" ><\/div>\n\t\t\t\t\t\t\t\t\t\t\t<div class=\"elementor-gallery-item__overlay\"><\/div>\n\t\t\t\t\t\t\t\t\t\t\t\t\t\t<\/a>\n\t\t\t\t\t<\/div>\n\t\t\t\t\t<\/div>\n\t\t\t\t<\/div>\n\t\t\t\t\t<\/div>\n\t\t<\/div>\n\t\t\t\t\t<\/div>\n\t\t<\/section>\n\t\t\t\t<section class=\"elementor-section elementor-top-section elementor-element elementor-element-0ba8a06 elementor-section-full_width elementor-section-content-bottom elementor-section-stretched elementor-section-height-default elementor-section-height-default\" data-id=\"0ba8a06\" data-element_type=\"section\" data-e-type=\"section\" data-settings=\"{&quot;stretch_section&quot;:&quot;section-stretched&quot;}\">\n\t\t\t\t\t\t<div class=\"elementor-container elementor-column-gap-no\">\n\t\t\t\t\t<div class=\"elementor-column elementor-col-33 elementor-top-column elementor-element elementor-element-0d04408\" data-id=\"0d04408\" data-element_type=\"column\" data-e-type=\"column\" data-settings=\"{&quot;background_background&quot;:&quot;classic&quot;}\">\n\t\t\t<div class=\"elementor-widget-wrap elementor-element-populated\">\n\t\t\t\t\t\t<div class=\"elementor-element elementor-element-8ef01e9 elementor-widget elementor-widget-text-editor\" data-id=\"8ef01e9\" data-element_type=\"widget\" data-e-type=\"widget\" data-widget_type=\"text-editor.default\">\n\t\t\t\t<div class=\"elementor-widget-container\">\n\t\t\t\t\t\t\t\t\t<p><span style=\"color: #62476a;\"><strong>Componenti<\/strong><\/span><\/p><p>Catena ovale in argento 925 placcato rodio<br \/>Catene rol\u00f2 in argento 925 placcato oro 18k<br \/>e rodio<\/p><p>Perni in argento 925 placcato rodio spazzolati <br \/>a mano<\/p><p>Altri componenti in argento 925 placcato rodio <br \/>e oro 18k<\/p><p><span style=\"color: #62476a;\"><strong>Dimensioni<br \/><\/strong><\/span>Ciondolo cm 7,5 <br \/>Catena (regolabile) max cm 48<br \/>Orecchini cm 6,5<\/p>\t\t\t\t\t\t\t\t<\/div>\n\t\t\t\t<\/div>\n\t\t\t\t\t<\/div>\n\t\t<\/div>\n\t\t\t\t<div class=\"elementor-column elementor-col-33 elementor-top-column elementor-element elementor-element-b1a5ab4\" data-id=\"b1a5ab4\" data-element_type=\"column\" data-e-type=\"column\" data-settings=\"{&quot;background_background&quot;:&quot;classic&quot;}\">\n\t\t\t<div class=\"elementor-widget-wrap elementor-element-populated\">\n\t\t\t\t\t\t<div class=\"elementor-element elementor-element-a441624 elementor-align-center elementor-widget elementor-widget-button\" data-id=\"a441624\" data-element_type=\"widget\" data-e-type=\"widget\" data-widget_type=\"button.default\">\n\t\t\t\t<div class=\"elementor-widget-container\">\n\t\t\t\t\t\t\t\t\t<div class=\"elementor-button-wrapper\">\n\t\t\t\t\t<a class=\"elementor-button elementor-button-link elementor-size-xs\" href=\"mailto:contact@damapicta.com\">\n\t\t\t\t\t\t<span class=\"elementor-button-content-wrapper\">\n\t\t\t\t\t\t<span class=\"elementor-button-icon\">\n\t\t\t\t<i aria-hidden=\"true\" class=\"far fa-paper-plane\"><\/i>\t\t\t<\/span>\n\t\t\t\t\t\t\t\t\t<span class=\"elementor-button-text\">Contattami<\/span>\n\t\t\t\t\t<\/span>\n\t\t\t\t\t<\/a>\n\t\t\t\t<\/div>\n\t\t\t\t\t\t\t\t<\/div>\n\t\t\t\t<\/div>\n\t\t\t\t<div class=\"elementor-element elementor-element-276a42f elementor-widget elementor-widget-text-editor\" data-id=\"276a42f\" data-element_type=\"widget\" data-e-type=\"widget\" data-widget_type=\"text-editor.default\">\n\t\t\t\t<div class=\"elementor-widget-container\">\n\t\t\t\t\t\t\t\t\t<h2><strong>Tempi di realizzazione<br \/><\/strong>7-10 gg lavorativi<\/h2>\t\t\t\t\t\t\t\t<\/div>\n\t\t\t\t<\/div>\n\t\t\t\t<div class=\"elementor-element elementor-element-efaad73 elementor-widget elementor-widget-heading\" data-id=\"efaad73\" data-element_type=\"widget\" data-e-type=\"widget\" data-widget_type=\"heading.default\">\n\t\t\t\t<div class=\"elementor-widget-container\">\n\t\t\t\t\t<h1 class=\"elementor-heading-title elementor-size-default\">DAMA PICTA<br>Collezione \"LE DIVINE\"<\/h1>\t\t\t\t<\/div>\n\t\t\t\t<\/div>\n\t\t\t\t\t<\/div>\n\t\t<\/div>\n\t\t\t\t<div class=\"elementor-column elementor-col-33 elementor-top-column elementor-element elementor-element-b8015f8\" data-id=\"b8015f8\" data-element_type=\"column\" data-e-type=\"column\" data-settings=\"{&quot;background_background&quot;:&quot;classic&quot;}\">\n\t\t\t<div class=\"elementor-widget-wrap elementor-element-populated\">\n\t\t\t\t\t\t<div class=\"elementor-element elementor-element-dd84808 elementor-widget elementor-widget-text-editor\" data-id=\"dd84808\" data-element_type=\"widget\" data-e-type=\"widget\" data-widget_type=\"text-editor.default\">\n\t\t\t\t<div class=\"elementor-widget-container\">\n\t\t\t\t\t\t\t\t\t<p><span style=\"color: #62476a;\"><strong>Metallo<\/strong><\/span><\/p><p>Ottone<br \/>Alluminio<br \/><em>(Nichel free)<\/em><\/p><p><strong><span style=\"color: #62476a;\">Pietre Dure<\/span><br \/><\/strong>Tormalina Viola e Verde<br \/>Agata Indiana Viola e Verde<br \/>Perla qualit\u00e0 A+<\/p>\t\t\t\t\t\t\t\t<\/div>\n\t\t\t\t<\/div>\n\t\t\t\t\t<\/div>\n\t\t<\/div>\n\t\t\t\t\t<\/div>\n\t\t<\/section>\n\t\t\t\t<section class=\"elementor-section elementor-top-section elementor-element elementor-element-c44ecf3 elementor-section-boxed elementor-section-height-default elementor-section-height-default\" data-id=\"c44ecf3\" data-element_type=\"section\" data-e-type=\"section\">\n\t\t\t\t\t\t<div class=\"elementor-container elementor-column-gap-default\">\n\t\t\t\t\t<div class=\"elementor-column elementor-col-100 elementor-top-column elementor-element elementor-element-132f381\" data-id=\"132f381\" data-element_type=\"column\" data-e-type=\"column\">\n\t\t\t<div class=\"elementor-widget-wrap elementor-element-populated\">\n\t\t\t\t\t\t<div class=\"elementor-element elementor-element-541d330 elementor-widget elementor-widget-spacer\" data-id=\"541d330\" data-element_type=\"widget\" data-e-type=\"widget\" data-widget_type=\"spacer.default\">\n\t\t\t\t<div class=\"elementor-widget-container\">\n\t\t\t\t\t\t\t<div class=\"elementor-spacer\">\n\t\t\t<div class=\"elementor-spacer-inner\"><\/div>\n\t\t<\/div>\n\t\t\t\t\t\t<\/div>\n\t\t\t\t<\/div>\n\t\t\t\t\t<\/div>\n\t\t<\/div>\n\t\t\t\t\t<\/div>\n\t\t<\/section>\n\t\t\t\t<\/div>\n\t\t","protected":false},"excerpt":{"rendered":"<p>ROSSELLA Rossella O&#8217;Hara \u00e8 la Divina pi\u00f9 &#8220;punk&#8221; fra le quattro, una ribelle il cui spirito indomito \u00e8 rappresentato dai volumi spigolosi della cornice e dai colori contrastanti delle tormaline verdi e rosa; piccole porzioni di catena rol\u00f2 rimarcano il carattere deciso di questo design. Ashley e Rhett affiancano Dama Rossella sotto forma di piccole [&hellip;]<\/p>\n","protected":false},"author":1,"featured_media":0,"parent":17663,"menu_order":0,"comment_status":"closed","ping_status":"closed","template":"","meta":{"iawp_total_views":18,"footnotes":""},"class_list":["post-17299","page","type-page","status-publish","hentry"],"_links":{"self":[{"href":"https:\/\/damapicta.com\/index.php\/wp-json\/wp\/v2\/pages\/17299","targetHints":{"allow":["GET"]}}],"collection":[{"href":"https:\/\/damapicta.com\/index.php\/wp-json\/wp\/v2\/pages"}],"about":[{"href":"https:\/\/damapicta.com\/index.php\/wp-json\/wp\/v2\/types\/page"}],"author":[{"embeddable":true,"href":"https:\/\/damapicta.com\/index.php\/wp-json\/wp\/v2\/users\/1"}],"replies":[{"embeddable":true,"href":"https:\/\/damapicta.com\/index.php\/wp-json\/wp\/v2\/comments?post=17299"}],"version-history":[{"count":67,"href":"https:\/\/damapicta.com\/index.php\/wp-json\/wp\/v2\/pages\/17299\/revisions"}],"predecessor-version":[{"id":23723,"href":"https:\/\/damapicta.com\/index.php\/wp-json\/wp\/v2\/pages\/17299\/revisions\/23723"}],"up":[{"embeddable":true,"href":"https:\/\/damapicta.com\/index.php\/wp-json\/wp\/v2\/pages\/17663"}],"wp:attachment":[{"href":"https:\/\/damapicta.com\/index.php\/wp-json\/wp\/v2\/media?parent=17299"}],"curies":[{"name":"wp","href":"https:\/\/api.w.org\/{rel}","templated":true}]}}